{"id":1402,"date":"2024-08-29T20:52:08","date_gmt":"2024-08-29T20:52:08","guid":{"rendered":"https:\/\/innovatecnm2024.voaxaca.tecnm.mx\/?page_id=1402"},"modified":"2024-09-06T17:51:13","modified_gmt":"2024-09-06T17:51:13","slug":"formatos","status":"publish","type":"page","link":"https:\/\/innovatecnm2024.voaxaca.tecnm.mx\/index.php\/formatos\/","title":{"rendered":"Formatos"},"content":{"rendered":"\n<figure class=\"wp-block-table is-style-regular has-medium-font-size\"><table class=\"has-white-color has-text-color has-background has-link-color has-fixed-layout\" style=\"background-color:#1b396a\"><tbody><tr><td class=\"has-text-align-center\" data-align=\"center\">IT Valle de Oaxaca Regi\u00f3n 5<\/td><\/tr><tr><td class=\"has-text-align-center\" data-align=\"center\">Formato Inventario Equipo<\/td><\/tr><\/tbody><\/table><\/figure>\n\n\n\n<div class=\"wp-block-uagb-container uagb-block-b0797cd0 alignfull uagb-is-root-container\"><div class=\"uagb-container-inner-blocks-wrap\">\n<div data-wp-interactive=\"core\/file\" class=\"wp-block-file has-white-background-color has-background\"><object data-wp-bind--hidden=\"!state.hasPdfPreview\" hidden class=\"wp-block-file__embed\" data=\"https:\/\/innovatecnm2024.voaxaca.tecnm.mx\/wp-content\/uploads\/2024\/08\/Formato_Inventario_equipo-1.pdf\" type=\"application\/pdf\" style=\"width:100%;height:600px\" aria-label=\"Incrustado de Descargar: Formato_Inventario_equipo.\"><\/object><a id=\"wp-block-file--media-dec356bc-cc33-410d-90d2-8558d6cf277c\" href=\"https:\/\/innovatecnm2024.voaxaca.tecnm.mx\/wp-content\/uploads\/2024\/08\/Formato_Inventario_equipo-1.pdf\">Descargar: Formato_Inventario_equipo<\/a><\/div>\n<\/div><\/div>\n\n\n\n<figure class=\"wp-block-table is-style-regular has-medium-font-size\"><table class=\"has-white-color has-text-color has-background has-link-color has-fixed-layout\" style=\"background-color:#1b396a\"><tbody><tr><td class=\"has-text-align-center\" data-align=\"center\">IT Valle de Oaxaca Regi\u00f3n 5<\/td><\/tr><tr><td class=\"has-text-align-center\" data-align=\"center\">Veh\u00edculo Oficial<\/td><\/tr><\/tbody><\/table><\/figure>\n\n\n\n<div class=\"wp-block-uagb-container uagb-block-2c27386c alignfull uagb-is-root-container\"><div class=\"uagb-container-inner-blocks-wrap\">\n<div data-wp-interactive=\"core\/file\" class=\"wp-block-file\"><object data-wp-bind--hidden=\"!state.hasPdfPreview\" hidden class=\"wp-block-file__embed\" data=\"https:\/\/innovatecnm2024.voaxaca.tecnm.mx\/wp-content\/uploads\/2024\/08\/Vehiculo_oficial.pdf\" type=\"application\/pdf\" style=\"width:100%;height:600px\" aria-label=\"PDF incrustado\"><\/object><\/div>\n<\/div><\/div>\n\n\n\n<div class=\"wp-block-uagb-container uagb-block-548bbb7d alignfull uagb-is-root-container\"><div class=\"uagb-container-inner-blocks-wrap\">\n<div class=\"wp-block-file\"><a id=\"wp-block-file--media-637327ab-7dd5-4d0c-8d75-af4b396c9cd1\" href=\"https:\/\/innovatecnm2024.voaxaca.tecnm.mx\/wp-content\/uploads\/2024\/08\/Editable_vehiculo_oficial.docx\">Descargar: Editable_vehiculo_oficial<\/a><\/div>\n<\/div><\/div>\n\n\n\n<figure class=\"wp-block-table is-style-regular has-medium-font-size\"><table class=\"has-white-color has-text-color has-background has-link-color has-fixed-layout\" style=\"background-color:#1b396a\"><tbody><tr><td class=\"has-text-align-center\" data-align=\"center\">IT Valle de Oaxaca Regi\u00f3n 5<\/td><\/tr><tr><td class=\"has-text-align-center\" data-align=\"center\">Gu\u00eda para participantes<\/td><\/tr><\/tbody><\/table><\/figure>\n\n\n\n<div data-wp-interactive=\"core\/file\" class=\"wp-block-file\"><object data-wp-bind--hidden=\"!state.hasPdfPreview\" hidden class=\"wp-block-file__embed\" data=\"https:\/\/innovatecnm2024.voaxaca.tecnm.mx\/wp-content\/uploads\/2024\/09\/Guia_participantes.pdf\" type=\"application\/pdf\" style=\"width:100%;height:600px\" aria-label=\"Incrustado de Descargar: Gu\u00eda_participantes.\"><\/object><a id=\"wp-block-file--media-2f82b118-dad9-454b-9ef2-7627377d7d73\" href=\"https:\/\/innovatecnm2024.voaxaca.tecnm.mx\/wp-content\/uploads\/2024\/09\/Guia_participantes.pdf\">Descargar: Gu\u00eda_participantes<\/a><\/div>\n","protected":false},"excerpt":{"rendered":"<p>IT Valle de Oaxaca Regi\u00f3n 5 Formato Inventario Equipo IT Valle de Oaxaca Regi\u00f3n 5 Veh\u00edculo Oficial IT Valle de Oaxaca Regi\u00f3n 5 Gu\u00eda para participantes<\/p>\n","protected":false},"author":1,"featured_media":0,"parent":0,"menu_order":0,"comment_status":"closed","ping_status":"closed","template":"template-fullwidth.php","meta":{"_uag_custom_page_level_css":"","footnotes":""},"class_list":["post-1402","page","type-page","status-publish","hentry"],"uagb_featured_image_src":{"full":false,"thumbnail":false,"medium":false,"medium_large":false,"large":false,"1536x1536":false,"2048x2048":false,"post-thumbnail":false,"merlin-thumbnail-small":false,"merlin-header-image":false,"merlin-slider-image":false,"merlin-category-posts-widget-small":false,"merlin-category-posts-widget-medium":false,"merlin-category-posts-widget-large":false,"tzwb-thumbnail":false,"themezee-related-posts":false},"uagb_author_info":{"display_name":"admin","author_link":"https:\/\/innovatecnm2024.voaxaca.tecnm.mx\/index.php\/author\/adminis\/"},"uagb_comment_info":0,"uagb_excerpt":"IT Valle de Oaxaca Regi\u00f3n 5 Formato Inventario Equipo IT Valle de Oaxaca Regi\u00f3n 5 Veh\u00edculo Oficial IT Valle de Oaxaca Regi\u00f3n 5 Gu\u00eda para participantes","_links":{"self":[{"href":"https:\/\/innovatecnm2024.voaxaca.tecnm.mx\/index.php\/wp-json\/wp\/v2\/pages\/1402","targetHints":{"allow":["GET"]}}],"collection":[{"href":"https:\/\/innovatecnm2024.voaxaca.tecnm.mx\/index.php\/wp-json\/wp\/v2\/pages"}],"about":[{"href":"https:\/\/innovatecnm2024.voaxaca.tecnm.mx\/index.php\/wp-json\/wp\/v2\/types\/page"}],"author":[{"embeddable":true,"href":"https:\/\/innovatecnm2024.voaxaca.tecnm.mx\/index.php\/wp-json\/wp\/v2\/users\/1"}],"replies":[{"embeddable":true,"href":"https:\/\/innovatecnm2024.voaxaca.tecnm.mx\/index.php\/wp-json\/wp\/v2\/comments?post=1402"}],"version-history":[{"count":10,"href":"https:\/\/innovatecnm2024.voaxaca.tecnm.mx\/index.php\/wp-json\/wp\/v2\/pages\/1402\/revisions"}],"predecessor-version":[{"id":1600,"href":"https:\/\/innovatecnm2024.voaxaca.tecnm.mx\/index.php\/wp-json\/wp\/v2\/pages\/1402\/revisions\/1600"}],"wp:attachment":[{"href":"https:\/\/innovatecnm2024.voaxaca.tecnm.mx\/index.php\/wp-json\/wp\/v2\/media?parent=1402"}],"curies":[{"name":"wp","href":"https:\/\/api.w.org\/{rel}","templated":true}]}}